e 16, what is 5 + 16?
1b
In base 15, what is -56 - -9?
-4c
In base 15, what is -3 - 5?
-8
In base 8, what is -445 + 2?
-443
In base 2, what is 100100 + -10?
100010
In base 5, what is 1 + 240?
241
In base 16, what is -4 - -1bb?
1b7
In base 16, what is -3c - 9?
-45
In base 7, what is 0 + 314?
314
In base 6, what is -52122 + 2?
-52120
In base 13, what is -3 - -1496?
1493
In base 11, what is -3 + -8?
-10
In base 15, what is 25 + 72?
97
In base 4, what is -112210 + -3?
-112213
In base 11, what is 2 - 4489?
-4487
In base 2, what is -1111110001 + 1111?
-1111100010
In base 10, what is -18 + -7?
-25
In base 4, what is -30 + 102230?
102200
In base 9, what is -431 + -2?
-433
In base 6, what is -5 - 230?
-235
In base 5, what is 34 + 311?
400
In base 15, what is -3 - -1326?
1323
In base 5, what is 410 - 22?
333
In base 3, what is -120122102 - 12?
-120122121
In base 6, what is 10131 - -25?
10200
In base 16, what is -12 + 1?
-11
In base 6, what is -244 + 3?
-241
In base 13, what is 38 + 25?
60
In base 3, what is 102101100 + 0?
102101100
In base 4, what is 2 - 12220?
-12212
In base 4, what is -232 - 31?
-323
In base 5, what is 14 + 11?
30
In base 12, what is 765a - 1?
7659
In base 10, what is 3 + -206?
-203
In base 10, what is 1 + -4177?
-4176
In base 16, what is 17e + -4?
17a
In base 7, what is -23 - 50?
-103
In base 6, what is 0 + -5?
-5
In base 11, what is -11 - -280?
26a
In base 13, what is -33b + -5?
-343
In base 9, what is -8553 + 2?
-8551
In base 12, what is 391 - 1?
390
In base 14, what is -4 + -22?
-26
In base 4, what is -311 + 1?
-310
In base 14, what is -2 + -5b?
-5d
In base 9, what is -774 - 4?
-778
In base 7, what is 2 + 422?
424
In base 6, what is -1140 + -10?
-1150
In base 9, what is -44 - -11?
-33
In base 7, what is -22 - 1?
-23
In base 7, what is -2364 - -1?
-2363
In base 5, what is -1 + -1012?
-1013
In base 9, what is -3662 + 4?
-3657
In base 15, what is -6c - 5?
-72
In base 7, what is -2414 + -5?
-2422
In base 16, what is 3 - -129?
12c
In base 4, what is 22 - 121003?
-120321
In base 12, what is 20 - -41b?
43b
In base 8, what is 326 - 2?
324
In base 11, what is 11 + 4?
15
In base 6, what is 25 - 3?
22
In base 15, what is -2 + -ab3?
-ab5
In base 6, what is 10 - 41?
-31
In base 6, what is -45 + 35?
-10
In base 2, what is 101010000 - -10?
101010010
In base 8, what is -103 - -2?
-101
In base 13, what is -18 + -23?
-3b
In base 14, what is -2 + 7c?
7a
In base 14, what is -14 + -272?
-286
In base 11, what is -8 - -35?
28
In base 11, what is -63 + 0?
-63
In base 5, what is 31121 + 10?
31131
In base 7, what is 105 - 2?
103
In base 7, what is -3541 + -13?
-3554
In base 7, what is 6 - -5?
14
In base 4, what is 3103 - 11?
3032
In base 4, what is -231 + 11?
-220
In base 12, what is -102 + 0?
-102
In base 3, what is -20202 + -10?
-20212
In base 14, what is -3 - 4b?
-50
In base 13, what is -3 - -1870?
186a
In base 13, what is 5 + 13?
18
In base 3, what is -10011 + -1122?
-11210
In base 12, what is 2 + -189?
-187
In base 7, what is 4 - 1663?
-1656
In base 2, what is -1000110 + 101101100?
100100110
In base 11, what is 5 - 15?
-10
In base 4, what is 0 - 1310?
-1310
In base 13, what is -33 - 2c?
-62
In base 4, what is -1 - 1101?
-1102
In base 13, what is 1 - c4?
-c3
In base 11, what is -2 + -579?
-580
In base 14, what is 24 + 13?
37
In base 15, what is -24e3 + -4?
-24e7
In base 11, what is 21 - 2?
1a
In base 6, what is 10 + 340?
350
In base 10, what is 43 - 210?
-167
In base 5, what is 0 - -30204?
30204
In base 5, what is -3 - -332?
324
In base 8, what is 70 + -5?
63
In base 15, what is 229a - 2?
2298
In base 10, what is 3 + 59?
62
In base 5, what is 1 - 0?
1
In base 10, what is -4850 + -4?
-4854
In base 14, what is 12 + -8?
8
In base 16, what is -12b6 - -1?
-12b5
In base 7, what is 0 + 4?
4
In base 7, what is 11 + -1555?
-1544
In base 6, what is -1525 - 4?
-1533
In base 3, what is -2212 - 1210?
-11122
In base 9, what is 150 - 38?
111
In base 14, what is -961 - -1?
-960
In base 2, what is 101 - 110100?
-101111
In base 2, what is 11 - 101101?
-101010
In base 6, what is -4 + 102?
54
In base 12, what is 4 - -13b7?
13bb
In base 12, what is -738 + -4?
-740
In base 15, what is 8d - 3?
8a
In base 3, what is 1 + 10122?
10200
In base 9, what is -5 - 3644?
-3650
In base 8, what is 36520 + -3?
36515
In base 2, what is 10010 - 10001?
1
In base 16, what is -1cee - 3?
-1cf1
In base 7, what is 54 + 22?
106
In base 5, what is 140 - -130?
320
In base 6, what is 10525 + 0?
10525
In base 2, what is 11100001 - -10011?
11110100
In base 6, what is 2431 + 5?
2440
In base 9, what is 4 + 158?
163
In base 7, what is -16 - -10324?
10305
In base 12, what is -5 + -229?
-232
In base 9, what is 0 + 17?
17
In base 4, what is 2002 - 0?
2002
In base 11, what is -2 + 240?
239
In base 14, what is 4b5 + -1?
4b4
In base 9, what is 37 + 617?
655
In base 8, what is 64 - -47?
133
In base 9, what is -1678 - -2?
-1676
In base 6, what is 1033323 - -1?
1033324
In base 7, what is -15 + -12?
-30
In base 14, what is -3 + 1b0?
1ab
In base 10, what is -463 - -5?
-458
In base 13, what is 3 + -284?
-281
In base 10, what is -545 - 10?
-555
In base 6, what is 111 - 222?
-111
In base 11, what is -12 - -78?
66
In base 13, what is -5 + -374?
-379
In base 7, what is -1 - 1106?
-1110
In base 2, what is 1 + 1011011?
1011100
In base 13, what is 2a4 - -2?
2a6
In base 2, what is 10 + -1011111?
-1011101
In base 3, what is -1002 - 1101?
-2110
In base 5, what is 1040013 + -1?
1040012
In base 10, what is -35 - 256?
-291
In base 2, what is -10010 + 111?
-1011
In base 3, what is -2 - -1012111?
1012102
In base 13, what is -3 - -203?
200
In base 2, what is -10011011110101011 - 1?
-10011011110101100
In base 8, what is -1 + 436?
435
In base 13, what is c3b + 1?
c3c
In base 11, what is 8 + 720?
728
In base 4, what is 11001 - 1?
11000
In base 7, what is -1131 - 2?
-1133
In base 4, what is 123 - -122?
311
In base 10, what is 2 + -23?
-21
In base 2, what is 110000 + 1?
110001
In base 5, what is 2 + -2340?
-2333
In base 7, what is -46 + -53?
-132
In base 9, what is -160 - -54?
-105
In base 7, what is 20 - 2?
15
In base 4, what is 31 + 30?
121
In base 9, what is -4428 + 2?
-4426
In base 10, what is 5 - -113?
118
In base 7, what is -2366 - 5?
-2404
In base 13, what is 0 + -4?
-4
In base 2, what is 11010100 - -10?
11010110
In base 15, what is b - 2?
9
In base 8, what is 2 - 256?
-254
In base 14, what is -2 + -6?
-8
In base 13, what is -240 - 0?
-240
In base 9, what is -2 - -62?
60
In base 9, what is -2278 + 14?
-2264
In base 9, what is 1 + 1000?
1001
In base 13, what is 7a + 39?
b6
In base 14, what is -9 - 34?
-3d
In base 15, what is -3 + 111?
10d
In base 11, what is 0 - -48a?
48a
In base 9, what is -50 + -65?
-125
In base 9, what is -838 + 14?
-824
In base 7, what is -1223 - 0?
-1223
In base 10, what is -39 + -104?
-143
In base 12, what is -32 + 3?
-2b
In base 16, what is -2 + a1?
9f
In base 9, what is 5 - -108?
114
In base 2, what is -101 + -11000110?
-11001011
In base 8, what is -3 - 45?
-50
In base 13, what is -6 - -3?
-3
In base 11, what is 4341 + -5?
4337
In base 7, what is 1430 - 21?
1406
In base 5, what is -3 - -2134?
2131
In base 5, what is -10 + -1?
-11
In base 12, what is 11 - 27?
-16
In base 3, what is -10111 - -10?
-10101
In base 12, what is 262 + 5?
267
In base 10, what is 2 - 173?
-171
In base 12, what is 429 - -4?
431
In base 10, what is 4 + -269?
-265
In base 13, what is -7 - 7?
-11
In base 13, what is -1818 + 3?
-1815
In base 11, what is -237 - -5?
-232
In base 3, what is -1122 - -10?
-1112
In base 2, what is 111001 + 1010?
1000011
In base 7, what is -506 - 1?
-510
In base 8, what is 11 - -27?
40
In base 15, what is de + -4?
da
In base 16, what is -603 + -6?
-609
In base 8, what is 40 - 5?
33
In base 8, what is -4 - -722?
716
In base 4, what is 112311 + 110?
113021
In base 11, what is -2 + 18?
16
In base 4, what is -1210 + -3?
-1213
In base 8, what is -4 + -66?
-72
In base 11, what is 40a8 - 3?
40a5
In base 7, what is -10 + -265?
-305
In base 13, what is 63 + 9?
6c
In base 16, what is c + -41a?
-40e
In base 10, what is -4 + -483?
-487
In base 15, what is -32 - -b?
-26
In base 15, what is 0 - -20b?
20b
In base 3, what is 112201 - 0?
112201
In base 9, what is -10 - 61?
-71
In base 9, what is 460 + 5?
465
In base 8, wha